ided by 32?
10
What is the remainder when 731 is divided by 91?
3
Calculate the remainder when 14535 is divided by 14521.
14
Calculate the remainder when 47840 is divided by 71.
57
Calculate the remainder when 32202 is divided by 3576.
18
Calculate the remainder when 1758 is divided by 322.
148
Calculate the remainder when 28674 is divided by 9.
0
Calculate the remainder when 341849 is divided by 288.
281
What is the remainder when 59146 is divided by 350?
346
What is the remainder when 110440 is divided by 79?
77
Calculate the remainder when 7901 is divided by 30.
11
Calculate the remainder when 42014 is divided by 101.
99
Calculate the remainder when 14970 is divided by 106.
24
Calculate the remainder when 5015 is divided by 1251.
11
What is the remainder when 14492 is divided by 24?
20
Calculate the remainder when 1833 is divided by 613.
607
Calculate the remainder when 3495 is divided by 166.
9
What is the remainder when 8200 is divided by 397?
260
What is the remainder when 120113 is divided by 40036?
5
Calculate the remainder when 2532 is divided by 645.
597
Calculate the remainder when 546053 is divided by 1319.
1306
Calculate the remainder when 8555 is divided by 455.
365
What is the remainder when 8814 is divided by 1759?
19
Calculate the remainder when 47233 is divided by 113.
112
Calculate the remainder when 6576 is divided by 153.
150
What is the remainder when 48551 is divided by 674?
23
Calculate the remainder when 589655 is divided by 871.
859
Calculate the remainder when 22625 is divided by 184.
177
What is the remainder when 874079 is divided by 68?
7
What is the remainder when 2583 is divided by 665?
588
What is the remainder when 5979 is divided by 1553?
1320
Calculate the remainder when 260965 is divided by 365.
355
Calculate the remainder when 42958 is divided by 36.
10
Calculate the remainder when 71248 is divided by 19.
17
What is the remainder when 1783124 is divided by 625?
624
Calculate the remainder when 94825 is divided by 43.
10
Calculate the remainder when 1029 is divided by 47.
42
What is the remainder when 5848 is divided by 2914?
20
What is the remainder when 1035405 is divided by 5?
0
What is the remainder when 144339 is divided by 19?
15
Calculate the remainder when 5099 is divided by 15.
14
Calculate the remainder when 152485 is divided by 109.
103
Calculate the remainder when 41066 is divided by 2566.
10
Calculate the remainder when 1502 is divided by 124.
14
Calculate the remainder when 142636 is divided by 587.
582
Calculate the remainder when 21982 is divided by 229.
227
Calculate the remainder when 54463 is divided by 8.
7
Calculate the remainder when 20138 is divided by 10047.
44
What is the remainder when 16467 is divided by 45?
42
What is the remainder when 4631746 is divided by 11?
9
Calculate the remainder when 200122 is divided by 20012.
2
What is the remainder when 13182 is divided by 549?
6
What is the remainder when 1812 is divided by 857?
98
What is the remainder when 7534 is divided by 43?
9
What is the remainder when 25719 is divided by 1706?
129
What is the remainder when 32116 is divided by 494?
6
What is the remainder when 20258 is divided by 2267?
2122
What is the remainder when 22169 is divided by 176?
169
What is the remainder when 3957 is divided by 3703?
254
Calculate the remainder when 36778 is divided by 30.
28
What is the remainder when 5802 is divided by 24?
18
Calculate the remainder when 4889 is divided by 893.
424
What is the remainder when 7328 is divided by 46?
14
Calculate the remainder when 496670 is divided by 34.
32
What is the remainder when 133807 is divided by 4?
3
What is the remainder when 56498 is divided by 129?
125
What is the remainder when 8708 is divided by 2882?
62
What is the remainder when 1928 is divided by 483?
479
What is the remainder when 1661 is divided by 54?
41
Calculate the remainder when 18894 is divided by 1450.
44
What is the remainder when 123388 is divided by 185?
178
What is the remainder when 723 is divided by 132?
63
Calculate the remainder when 27548 is divided by 725.
723
What is the remainder when 6687 is divided by 3241?
205
What is the remainder when 11298 is divided by 188?
18
What is the remainder when 47491 is divided by 3388?
59
Calculate the remainder when 1166365 is divided by 587.
583
Calculate the remainder when 69019 is divided by 24.
19
What is the remainder when 22030 is divided by 116?
106
What is the remainder when 439609 is divided by 277?
10
Calculate the remainder when 160534 is divided by 79.
6
What is the remainder when 99074 is divided by 327?
320
What is the remainder when 4751 is divided by 1294?
869
Calculate the remainder when 18138 is divided by 6.
0
What is the remainder when 53749 is divided by 125?
124
Calculate the remainder when 3010 is divided by 79.
8
What is the remainder when 2003 is divided by 484?
67
What is the remainder when 416236 is divided by 401?
399
What is the remainder when 43579 is divided by 525?
4
Calculate the remainder when 7994 is divided by 116.
106
What is the remainder when 7925 is divided by 608?
21
Calculate the remainder when 34003 is divided by 523.
8
Calculate the remainder when 2897 is divided by 9.
8
What is the remainder when 30610 is divided by 28?
6
What is the remainder when 3598 is divided by 824?
302
What is the remainder when 29489 is divided by 556?
21
Calculate the remainder when 88636 is divided by 52.
28
What is the remainder when 2007 is divided by 667?
6
What is the remainder when 6108 is divided by 253?
36
What is the remainder when 5384392 is divided by 18?
16
What is the remainder when 1048 is divided by 789?
259
Calculate the remainder when 25680 is divided by 3207.
24
Calculate the remainder when 45278 is divided by 5622.
302
Calculate the remainder when 11032 is divided by 5350.
332
Calculate the remainder when 9572 is divided by 67.
58
What is the remainder when 19855 is divided by 30?
25
Calculate the remainder when 592834 is divided by 254.
252
What is the remainder when 2770652 is divided by 399?
395
Calculate the remainder when 4737 is divided by 2347.
43
Calculate the remainder when 74077 is divided by 6170.
37
What is the remainder when 16327 is divided by 2716?
31
What is the remainder when 12271 is divided by 4878?
2515
What is the remainder when 31859 is divided by 10619?
2
Calculate the remainder when 1990 is divided by 1419.
571
What is the remainder when 124625 is divided by 3115?
25
Calculate the remainder when 2564 is divided by 61.
2
Calculate the remainder when 53898 is divided by 26909.
80
Calculate the remainder when 32133 is divided by 388.
317
What is the remainder when 32534 is divided by 72?
62
What is the remainder when 310135 is divided by 36?
31
What is the remainder when 37748 is divided by 132?
128
Calculate the remainder when 5229 is divided by 216.
45
What is the remainder when 127678 is divided by 84?
82
What is the remainder when 4484 is divided by 178?
34
Calculate the remainder when 314 is divided by 84.
62
What is the remainder when 9577 is divided by 3184?
25
Calculate the remainder when 5419 is divided by 13.
11
What is the remainder when 566061 is divided by 188687?
0
Calculate the remainder when 2391 is divided by 17.
11
What is the remainder when 3951 is divided by 1302?
45
Calculate the remainder when 1869 is divided by 608.
45
What is the remainder when 6582 is divided by 25?
7
Calculate the remainder when 20528 is divided by 20521.
7
What is the remainder when 508 is divided by 125?
8
What is the remainder when 42678 is divided by 67?
66
What is the remainder when 3375 is divided by 261?
243
Calculate the remainder when 915975 is divided by 125.
100
What is the remainder when 11814 is divided by 110?
44
What is the remainder when 118446 is divided by 1260?
6
What is the remainder when 1674 is divided by 777?
120
Calculate the remainder when 7103 is divided by 374.
371
What is the remainder when 131874 is divided by 26374?
4
Calculate the remainder when 10158 is divided by 124.
114
What is the remainder when 13049 is divided by 421?
419
Calculate the remainder when 6804 is divided by 467.
266
What is the remainder when 296469 is divided by 295?
289
What is the remainder when 83049 is divided by 17?
4
Calculate t